2 + -1 + (-27 - -30) - (3 - 11)
12
7 - (-10 + 12 - (-26 - (-2 - 3)))
-16
(20 - (-45 + 32)) + -22
11
-18 - (-10 + 15 + 13 + -6)
-30
Evaluate -2 + 1 + (7 - 6) + 9.
9
0 - -1 - 6 - (1 - 0)
-6
Evaluate -25 + 21 + (0 - 13) + 1.
-16
What is the value of (-4 - -10) + -10 + (-1 - -3)?
-2
What is the value of 15 + -9 + -38 - (7 + -20)?
-19
What is the value of -2 + (-16 - -13) + 0 + 4?
-1
-2 + -12 - -18 - (25 - (-1 + -2))
-24
What is (4 - 0) + (5 - (-4 + -10 + 22))?
1
What is the value of -13 - (-5 + 3 + (19 - 24))?
-6
What is -1485 + 1498 - (-4 + 0)?
17
Calculate -1274 + 1266 + 17 + (0 - 0).
9
Calculate (12 - -1) + (28 - 35) + 12.
18
-5 + 0 - (36 - 12 - 13)
-16
What is the value of (12 - 4) + -5 - -4?
7
5 + 1 + (13 + -23 - -9) + 6
11
What is 5 + 13 + -24 + 13?
7
What is the value of -8 - (-4 - (-1 - 11 - -2 - -4))?
-10
What is -3 + 12 - (27 + -10)?
-8
What is 16 + -30 + 26 - 14?
-2
Evaluate -11 + 19 + -2 - 5 - 15.
-14
What is the value of -9 + (8 - (83 + -91 - (1 + -20)))?
-12
What is the value of -16 - (264 + -269 - (5 - 1 - 1))?
-8
-129 + 99 - (-4 - 1)
-25
Calculate 18 - -1 - (440 - 427).
6
What is -25 - -26 - 5 - 10?
-14
-2 + -2 + (1 - -2) + 787 + -795
-9
Calculate 26 - (-10 + 26) - 8 - -18.
20
Calculate -1 + 8 + -2 + -16.
-11
0 + 2 - (-51 + 46)
7
What is the value of -41 - -22 - (0 - 3)?
-16
Evaluate (3 - -12) + (-19 - -6).
2
Calculate 12 - (7 + 8) - (1 - (0 + 16)).
12
What is the value of -1 + (1 - (1 + -2 - 0)) - 6?
-5
(10 + -3 - -2) + -23
-14
What is (0 - -3 - 10) + -42 + 29?
-20
Evaluate (-2 - (-4 - -2)) + -18 + 35 - 9.
8
Evaluate (-2 - 1) + 2 + -25 + 4 - 3.
-25
8 - (-6 - -20 - (-6 + 6) - -3)
-9
What is 4 + -4 + (-8 - (2 + -6) - -7)?
3
What is 12 - (-12 + 16 - -11)?
-3
What is (-5 - (-3 + -5)) + (-21 - -14)?
-4
Evaluate (-6 - 9) + (0 - -26).
11
What is 17 - (-6 - (-16 + -4) - -32)?
-29
What is 9 - -3 - (0 + -4) - -1?
17
What is -29 - (1 + -32 + 29)?
-27
What is the value of 0 + 4 + -5 + -23 + 37?
13
Evaluate -1 + 0 - 9 - (-56 - -63).
-17
-2 + (4 - (7 - 12)) - (-1 - 0)
8
(-226 - -210) + 0 + 0
-16
-26 + 11 - (6 + (-3 - 1))
-17
-14 + -12 + (21 - 13)
-18
What is (-3 - -7) + (1 + 5 - -3)?
13
What is 8 + -23 - (-6 - (12 - 7))?
-4
Evaluate 2 - ((-7 - -1) + 5).
3
Calculate 0 + 4 + 0 + (-22 - (-21 - -15)).
-12
8 + -8 + -9 + -9 + 6
-12
(11 + 17 - 19 - 3) + 0 + -34
-28
1 + -1 + 1 - (1291 + -1287)
-3
(14 - 1) + -1 + (21 - (-14 + 30))
17
Evaluate (3 - -3) + -12 + 19.
13
Calculate -21 - -12 - (4 + 2 + -4 - 19).
8
Evaluate 3 + 22 + (-20 + -30 - -52).
27
Calculate ((1 - 5) + 6 - (4 - 1)) + 6.
5
Evaluate -1 - (1 - (-1 + -11)) - -1.
-13
-2 + 0 + -4 - (4 + 7 + -4)
-13
What is the value of 31 - (4 + 14) - 12?
1
What is -6 + -2 + -1 + 9 + -8 + -4?
-12
What is the value of -12 + (22 - 16) - (-3 - 2)?
-1
What is -5 - 8 - (126 - 155)?
16
What is the value of 12 - (-1 + 1 - (-8 - 2 - -10))?
12
What is the value of 12 + -1 - (-5 + 8 - -4) - 0?
4
(-1 - -2) + (7 - 11) - (13 - 4)
-12
Evaluate (19 - (-2 - -49)) + 15.
-13
Calculate 11 - 11 - 1 - (-8 - -8).
-1
What is the value of -627 - -623 - (-33 - 2)?
31
What is the value of (-26 - (27 + -36)) + 0 + (0 - 1)?
-18
What is the value of -3 + 0 - -3 - 5 - -16 - -3?
14
Evaluate 7 + (-6 - -6) - ((12 - 1) + -34).
30
Evaluate (-1 - -4) + (-4 - 0 - -5).
4
-44 + (4 - -19) + 5
-16
What is -1 + (9 - (19 + -13))?
2
-7 - (-13 + 5) - 0 - 12
-11
What is the value of (6 + 2 - -18 - (9 + -10)) + -5?
22
Evaluate (13 - 14) + (-1 - -11) + -34 + 5.
-20
0 - (16 + -7 + 7)
-16
-25 + 10 + 0 + 11 + -24
-28
Evaluate 10 + (-29 - (13 - 6)) + 12.
-14
Calculate (31 - 31) + 2 + -18.
-16
What is the value of 7 - (17 + -3 + -5)?
-2
Calculate 25 + -31 - (-4 - (1 + 1 + -3)).
-3
What is (-2 - -3 - 0) + 73 + -74 + 7?
7
What is 7 - (4 + 10 + 0)?
-7
Calculate -15 - (-11 + (13 - (4 - -6))).
-7
Evaluate (-56 - -66) + (1 + -3 + 14 - 1).
21
What is the value of -3 + 12 - (14 - 22 - -16)?
1
(5 - (-16 + (0 - -7))) + -8 + -25
-19
What is the value of (2 - 4) + (8 - 5) + -12?
-11
28 - 23 - -5 - 7
3
Calculate -1 + 10 + (-35 - -13 - -21).
8
4 + 8 - (30 + (-7 - 20))
9
What is -560 + 553 - (-15 + 0)?
8
(0 - 0) + 32 + -31 + (5 - 1)
5
What is 33 - ((-19 - -13) + 20)?
19
What is the value of (41 - 6 - 15) + -5 + 13?
28
What is the value of (-7 - (-5 - (2 + -7 - -1))) + -11?
-17
Calculate -38 + 28 - (-2 + (22 - 3)).
-27
Calculate -13 + -17 + (28 - 6).
-8
What is 9 + (-15 - (-4 + 6 - 7)) + 2?
1
Evaluate -3 + (-7 - -2) + 13 + -8.
-3
What is (3 - (4 + 5)) + 10 - (1 - 1)?
4
What is 0 + -6 + -5 + (22 - -5)?
16
What is (-6 - (2 + -5)) + -2 - 3?
-8
What is the value of -11 + (-28 + 55 + -16 - (-1 + 19))?
-18
What is (-21 - -4) + (14 - -5)?
2
What is -3 + (-12 + 4 - -10) + 9?
8
What is 3 + 20 + -11 + -14?
-2
What is 14 + 12 + -6 + 4 + 0 - -2?
26
Calculate -19 + -15 + (13 - (-12 - -15)).
-24
Evaluate (-17 - (-10 + 8)) + (40 - 25).
0
What is -15 - -10 - (-5 + -5)?
5
-14 + 29 + 19 - 26
8
What is the value of (-15 - -5 - -10) + 12?
12
What is (-9 - 3) + -2 + 19?
5
What is the value of (0 - (0 - 1 - 17)) + -582 + 592?
28
Calculate -13 - (2 + (-10 - 1)).
-4
Calculate 1 - 1 - (-13 - (28 - 64)).
-23
What is the value of -13 + (19 - 10) + -1?
-5
Calculate -68 + 38 - (1 + -7 + -3).
-21
Evaluate -29 - (1 + (-28 - -14)).
-16
What is (0 - 6) + 13 - 8?
-1
What is the value of (-4 - 0) + (7 + -23 - -7)?
-13
What is the value of 4 - (-30 - (7 - 5 - 17))?
19
(0 - -13) + -4 + 37 + -36
10
Calculate 10 + (0 - (5 + 10 + (-22 - -12))).
5
31 + -43 + 5 + (7 + 30 - -4)
34
What is the value of 29 + -4 - (-44 + 69)?
0
What is -59 - -55 - (-11 + 3 + (1 - 1))?
4
What is the value of (0 - 2) + 1 + -3 + 216 + -239?
-27
3 + 1 + -6 - (-117 + 97)
18
12 + -11 + -6 - (-12 - (1 - 6))
2
What is the value of (83 - 95) + (-1 - -40) - (-2 + 8)?
21
Evaluate -6 - 1 - (-14 - 0).
7
What is -7 - (4 + (9 - 6))?
-14
What is the value of -2 + (8 - ((-4 - 1) + 7)) + -4?
0
-4 + (7 - 14) + (-2 - 0)
-13
What is (-9 - 4) + 7 + -3 + -4 + 1?
-12
1 + -1 + -4 + (-199 - -200)
-3
Evaluate -6 + 1 + (10 - (5 - (-6 - -6))).
0
-3 + (11 + -5 - 4) - -7
6
Calculate -10 + 8 + -3 - 0 - 6.
-11
Evaluate 9 - (0 + 4 + -13 + -2 + 13).
7
What is the value of -8 - ((-1 - 0 - -9) + -21)?
5
What is 2 + 0 - (-13 - -4)?
11
What is -24 + 0 + (-84 - -79) - (2 + 0)?
-31
What is the value of (2 - (7 - 5)) + 11 + -5?
6
11 + 3 + -9 + (-8 - -2 - -20)
19
Evaluate -31 + -2 + 1 + (3 - (19 + -25)).
-23
What is -1 + 5 + -15 + 33 + -14?
8
5 - (-3 - (1 - (7 + (0 - 28))))
30
What is the value of (-3 - 0 - 0) + 0 + -269 + 280?
8
(-10 - (1 + -13 + -6)) + 13 + -3
18
Calculate -4 - (21 + (-8 - 6)).
-11
(2 - (-4 + -5 - -16)) + 5
0
Calculate (16 - (-4 + 16)) + 0 + -3.
1
What is (2 - 24) + (117 - 102)?
-7
Evaluate -8 + 3 + 17 + -8 + 8.
12
24 + (-44 - (-11 - -3))
-12
What is 15 + -21 - (-6 - 0) - 0 - -11?
11
Evaluate (-14 - 0 - (-146 + 135)) + 6.
3
(-11 - -12) + 12 - 4
9
Evaluate -43 + (2 - 20) + 41.
-20
What is 0 + 0 + (1 - (-4 - -1))?
4
What is the value of (24 - 30) + 4 + 3 + 2?
3
-49 - -24 - -27 - (-24 + 2)
24
What is -4 + (28 - 0) + 5 - -3?
32
Calculate 726 + -736 + 0 + 9.
-1
What is 3 - (3 + -1) - (2 + 18 + 5)?
-24
Calculate (-4 - -1) + 5 + (-21 - (-19 + 14)).
-14
31 - (2 - 8 - -36)
1
-2 - ((1 - 2) + -10 + 18)
-9
Calculate -17 - (19 - 37) - ((-2 - -21) + 1).
-19
Calculate (62 + -1 - 44) + -21.
-4
-14 + 15 + -10 - 6
-15
What is 4 - (-2 - -5 - 1) - (55 - 53)?
0
What is -4 - -2 - -1 - (-22 + (35 - 13))?
-1
12 + (3 - (18 - (6 - -4)))
7
(3 - -8) + (1 - 3)
9
What is the value of 1 - 2 - (5 - (-1 + -1) - 4)?
-4
-27 - (-18 + 4 + -7 + 8 - -8)
-22
What is (7 - (5 + -14)) + -14 - -7?
9
(-16 - -20) + -13 - -23
14
Evaluate (-9 - (3 - 4)) + (6 - (-12 - -17)).
-7
-3 - (6 - 7) - (-1 - 5) - -2
6
What is the value of 5 - (-1 + -3 + -20 + -7 + 31)?
5
Calculate 83 + -91 + (-6 - -1) + -2.
-15
What is 3 - -9 - (-5 - (-17 + 21))?
21
What is the value of (8 + -19 - -17) + -19 + -8?
-21
Calculate -1 + (0 + -10 + 8 + -5 - 5).
-13
What is -10 + 7 + -8 + -2 + -11?
-24
What is the value of -23 + -18 + 17 + -17 + 10?
-31
Evaluate 16 + -1 + -19 + (-1 - 3).
-8
Calculate (-3 - 0 - (-6 - (-8 - 14))) + 6.
-13
What is the value of -2 + (-3 - -4) + -5 + (-64 - -75)?
5
Evaluate 124 + -129 + 5 + 7 + -3.
4
Calculate -8 + -30 + 45 + 3 + 1.
11
What is the value of 0 + -2 - ((3 - 19) + (-10 - -8))?
16
Calculate -19 - (